Is 82804919 prime?
False
Is 4038102787 composite?
False
Is 1986861109 a prime number?
True
Is 7543327549 a prime number?
False
Is 5730440477 composite?
False
Is 177286995047 prime?
True
Is 40107813 prime?
False
Is 151922549 prime?
True
Is 209207021 a prime number?
True
Is 7600610623 prime?
False
Is 30137796037 a prime number?
True
Is 12672205877 prime?
False
Is 6996755039 prime?
True
Is 255650729 prime?
True
Is 23960629529 prime?
True
Is 274982567 prime?
False
Is 1409862791 a prime number?
False
Is 2150738531 a prime number?
False
Is 14669480545 prime?
False
Is 3279616597 prime?
True
Is 9668204303 a prime number?
False
Is 601132522543 a prime number?
False
Is 1497418127 composite?
False
Is 23108110791 a prime number?
False
Is 1279134971 composite?
True
Is 214915177 prime?
True
Is 3241043227 a composite number?
True
Is 4937398699 composite?
False
Is 13156502609 a prime number?
False
Is 35897469821 composite?
False
Is 125351029 composite?
False
Is 75302763793 a prime number?
True
Is 87841109 composite?
False
Is 26316157781 a composite number?
False
Is 321278753 composite?
False
Is 1067508551 a composite number?
False
Is 34408801461 composite?
True
Is 5302647047 a composite number?
True
Is 36976685279 a prime number?
True
Is 313389521 prime?
True
Is 141730044059 composite?
False
Is 19474608149 prime?
True
Is 281604547 composite?
True
Is 140252669386 prime?
False
Is 27670985147 composite?
True
Is 15660055633 composite?
False
Is 3119005003 a composite number?
True
Is 25989190697 prime?
False
Is 1954660307 prime?
False
Is 1369096639 prime?
True
Is 1068929969 a prime number?
False
Is 118680115859 a composite number?
True
Is 945459197 a prime number?
True
Is 2379928687 prime?
True
Is 6092273321 composite?
False
Is 3511379093 a prime number?
True
Is 11230457599 composite?
True
Is 1781223469 a composite number?
False
Is 250601977 a composite number?
False
Is 1656717011 composite?
False
Is 29865203 prime?
True
Is 1221982477 composite?
False
Is 10607822287 a prime number?
True
Is 105980603 a prime number?
False
Is 3393942257 prime?
False
Is 2062160981 a prime number?
False
Is 20789718581 a composite number?
False
Is 195835771 a prime number?
True
Is 8193491149 a composite number?
False
Is 212101873955 composite?
True
Is 57150403483 a composite number?
False
Is 1153585751 a composite number?
True
Is 1075196501 a prime number?
False
Is 553642529 a composite number?
True
Is 15587890067 composite?
False
Is 88096427 composite?
False
Is 16251458453 a prime number?
False
Is 196920906401 a prime number?
False
Is 5057881 a prime number?
False
Is 2030441051 a prime number?
True
Is 21024938647 composite?
True
Is 1093987931 a composite number?
False
Is 1001199634 prime?
False
Is 65032765487 composite?
True
Is 16945296409 a prime number?
True
Is 415036101 prime?
False
Is 711137477 composite?
True
Is 4422745889 composite?
True
Is 6091602809 composite?
True
Is 1422104423 a composite number?
False
Is 8836035853 prime?
True
Is 19484113669 prime?
True
Is 13687408279 a composite number?
True
Is 7918798801 composite?
False
Is 923360363 prime?
False
Is 2649656337 prime?
False
Is 7995844159 a composite number?
False
Is 5491063717 a composite number?
False
Is 84022992541 a prime number?
False
Is 3977303893 a prime number?
False
Is 264096367 a prime number?
True
Is 458317673 a prime number?
False
Is 19147051271 prime?
False
Is 243538909 a prime number?
False
Is 56911374683 prime?
False
Is 21990471403 a composite number?
False
Is 9313894969 a composite number?
False
Is 9394645147 prime?
True
Is 33975080569 prime?
False
Is 13497289457 composite?
True
Is 120917711737 composite?
True
Is 45734858203 a prime number?
False
Is 159188147 prime?
True
Is 1037240747 a composite number?
False
Is 2682987947 prime?
True
Is 166288973 prime?
True
Is 792251423 a prime number?
True
Is 706681319 a composite number?
False
Is 2696460811 a prime number?
False
Is 224074111 prime?
True
Is 5364089 a prime number?
True
Is 6794242567 composite?
True
Is 407324481 a prime number?
False
Is 1011950701 a prime number?
False
Is 624706403 a prime number?
True
Is 63617149417 prime?
False
Is 26526001103 prime?
False
Is 1242852361 prime?
False
Is 796942477 prime?
False
Is 18251076355 prime?
False
Is 163226969 a composite number?
True
Is 21705781243 composite?
False
Is 43625507819 a prime number?
True
Is 10167409 composite?
True
Is 5566441091 composite?
True
Is 6237690793 a prime number?
False
Is 262209083 a prime number?
True
Is 641923833 prime?
False
Is 382951860943 a composite number?
False
Is 8998681339 composite?
True
Is 13280815435 a composite number?
True
Is 28162177871 a prime number?
False
Is 59380530631 a composite number?
True
Is 6618950279 a prime number?
True
Is 89929477637 composite?
False
Is 448251187 a composite number?
True
Is 2589198401 prime?
True
Is 2958927781 a prime number?
False
Is 86677 prime?
True
Is 3540090137 a prime number?
False
Is 763825659 composite?
True
Is 121732193 a composite number?
True
Is 820482457 a prime number?
False
Is 2548330403 a prime number?
True
Is 1430107183 a composite number?
True
Is 2427668471 a prime number?
True
Is 19611304129 composite?
True
Is 21104355365 composite?
True
Is 4221721409 a composite number?
False
Is 2165528747 a prime number?
True
Is 216734711 composite?
True
Is 23294057863 composite?
False
Is 19727699051 a prime number?
False
Is 28132741751 a prime number?
True
Is 22152012229 a prime number?
True
Is 4746305347 composite?
True
Is 11647475143 a composite number?
True
Is 1140919811 composite?
False
Is 26503948091 prime?
True
Is 406636409 a composite number?
False
Is 20113243223 a prime number?
True
Is 9135569 prime?
True
Is 29554885177 composite?
False
Is 18060369361 a prime number?
False
Is 268265443 composite?
False
Is 8908320763 composite?
False
Is 710240057 composite?
False
Is 527370343 a composite number?
True
Is 1721410843 a prime number?
False
Is 165587469451 a composite number?
False
Is 8898866089 composite?
False
Is 58954597573 prime?
True
Is 1063252067 a composite number?
True
Is 33775405 a composite number?
True
Is 879123197 prime?
False
Is 7630603807 a prime number?
False
Is 88886929 prime?
False
Is 3411677473 a composite number?
False
Is 8805369189 prime?
False
Is 16176796001 a composite number?
False
Is 6090675599 prime?
False
Is 3048268343 a prime number?
False
Is 286725153893 prime?
False
Is 459560149 composite?
True
Is 1357954894 a composite number?
True
Is 1203518597 a composite number?
True
Is 180350537 a composite number?
False
Is 1245466367 a composite number?
False
Is 88743620033 a prime number?
True
Is 5513175251 prime?
True
Is 328032277 a prime number?
False
Is 6485524421 prime?
False
Is 2515037489 composite?
False
Is 2151492661 prime?
False
Is 190448866 a composite number?
True
Is 3860303789 prime?
True
Is 72867173 prime?
True
Is 279874847 composite?
True
Is 3074745211 a composite number?
True
Is 297054073 prime?
False
Is 3610913961 composite?
True
Is 189544211 a prime number?
False
Is 2269714373 prime?
True
Is 38185995919 a composite number?
True
Is 59621407 a composite number?
False
Is 1281895847 prime?
True
Is 3208639831 a composite number?
False
Is 388367107 composite?
True
Is 189145178 a composite number?
True
Is 8370715091 prime?
False
Is 1125161801 composite?
True
Is 83657293 a composite number?
True
Is 169264214251 a prime number?
False
Is 314362613 composite?
False
Is 27782399083 composite?
True
Is 3406406273 composite?
True
Is 113080391 a composite number?
False
Is 24549913 prime?
True
Is 670007587 a prime number?
False
Is 8461157629 composite?
False
Is 34469673359 a prime number?
False
Is 55000013 a composite number?
False
Is 2434039523 composite?
False
Is 322724923091 a prime number?
True
Is 3258576697 prime?
True
Is 110034899 prime?
False
Is 856157503 a composite number?
False
Is 1221944221 prime?
False
Is 422507381 composite?
True
Is 20153720687 composite?
False
Is 3510214361 composite?
True
Is 146481211 a composite number?
True
Is 2079673031 composite?
False
Is 248257343 composite?
False
Is 36725188441 composite?
False
Is 12722747 prime?
True
Is 1416530309 prime?
True
Is 1478268681 a prime number?
False
Is 810539171 composite?
True
Is 63707598113 prime?
True
Is 285827951 a prime number?
True
Is 45676060193 